et c be 7/((-14)/(-124)) - 0. Let d = -24 + c. Let z(j) = 2*j**2 - 3*j - 4. What is the remainder when z(7) is divided by d?
35
Suppose -17*t - 176 = -720. Suppose 30*z + 16 = t*z. What is the remainder when 13 is divided by z?
5
Suppose 141*u - 139*u = 128. Calculate the remainder when 254 is divided by u.
62
Let k(p) = p**2 - 21*p - 68. Calculate the remainder when 4 is divided by k(24).
0
Let j(k) = -k**3 + 5*k**2 + 2*k. Let g = -37 + 41. Calculate the remainder when j(g) is divided by 9.
6
Suppose -h = -4*a + 495, -365 = a - 4*a + 2*h. Calculate the remainder when a is divided by 44.
37
Suppose 4*z + 4 = 3*n, -2*z = -7*n + 3*n + 12. Let u(d) = 2 - 3*d - 3*d + 4*d + 6*d**3 - d**2. What is the remainder when u(z) is divided by 15?
12
Let k(m) = -m**2 - 12*m + 19. Let t be k(-13). Suppose 4*i - n - 604 = 0, -t*n + 3*n = -2*i + 302. What is the remainder when i is divided by 22?
19
Let u = 243 + -208. Calculate the remainder when 241 is divided by u.
31
Suppose 0*y - 105 = -5*y. Calculate the remainder when (-25)/(-10)*23*4 is divided by y.
20
Let o(c) = c**2 + 6*c - 62. What is the remainder when 200 is divided by o(7)?
26
Suppose -3*h = b - 52, -4*b = h - 2*b - 14. What is the remainder when 12 is divided by (h/(-4))/(-3 - 10/(-4))?
3
Suppose -3*q + 0*q + 35 = 5*x, -2*x + 8 = 0. Let r(w) = 2*w + 6. What is the remainder when (-2 + (-7 - -5))*(-598)/52 is divided by r(q)?
14
Let h = -283 + 297. Suppose -90 = -o + 3*r, 0*o - 450 = -5*o - 5*r. What is the remainder when o is divided by h?
6
Suppose 0 = -4*r + 224 - 28. Let d = r - -81. Calculate the remainder when d is divided by 33.
31
Let n = -774 - -1362. What is the remainder when n is divided by 59?
57
Suppose 5*g - 25 - 20 = 0. Let h = -26 - -12. What is the remainder when g is divided by (-1 + -5)*h/21?
1
Suppose 4*g = 2*c - g + 8, -3*c + 2*g + 10 = 0. Suppose -q + 12 + 1 = 0. Suppose -11*k - 4 = -q*k. What is the remainder when c is divided by k?
0
Suppose -k = -r + 7 + 21, 5*k + 82 = 3*r. What is the remainder when 83 is divided by r?
25
Suppose -a = -4*u - 6*a + 175, 2*u - 110 = 2*a. Calculate the remainder when u is divided by 9.
5
Let f(o) = o**3 + o + 8. Let d be f(0). Let b = d + 2. Let q = 20 + -14. What is the remainder when b is divided by q?
4
Let l(z) = -7*z - 11. Let s(h) = h**3 + 14*h**2 - 14*h + 12. Let x be s(-15). What is the remainder when 117 is divided by l(x)?
7
Let x(c) = 4*c - 77. Calculate the remainder when 39 is divided by x(20).
0
Calculate the remainder when (-4 - -20) + -10 - -146 is divided by 80.
72
Suppose -75 = 4*b + 4*c + 9, 39 = -3*b + 5*c. What is the remainder when 0 + 1 + (-2 - b) is divided by 77/21 + (-1)/(-5) + 8/60?
1
Suppose 0 = l - 0 + 5, -5*n = 3*l. What is the remainder when 95 is divided by ((-8)/n)/(7/(-84))?
31
Suppose 0*j + 2*j = -6. Let a(l) = 0*l + 3*l**2 - l + 6*l + 4 + 0*l**2. Calculate the remainder when a(j) is divided by 6.
4
Suppose -15*h - 3938 = -26*h. Calculate the remainder when h is divided by 40.
38
Let j be (-4)/((-2)/1)*1. Suppose 197 = j*h - 69. Calculate the remainder when h is divided by 270/8 - (-39 - 4030/(-104)).
31
Let d be (5 - (-4)/2) + -2. Suppose -d*l = -0*l - 20. Suppose -p + l*p - 36 = 0. What is the remainder when 22 is divided by p?
10
Let b(m) = m**2 - 17*m + 31. Let g be 16*1 + 3*(-3)/9. Suppose 0 = 5*d - 2*d + 3*p - 6, 5 = 2*d + 3*p. Calculate the remainder when b(g) is divided by d.
0
Suppose 0 = -t - 5*i + 10, -4*t + 0*t + 19 = -i. Suppose -5*f - 3*k = -2*k - 99, t*k + 5 = 0. What is the remainder when 38 is divided by f?
18
Let d(q) = -q**3 - 20*q**2 - 13*q + 27. Calculate the remainder when d(-21) is divided by 31.
28
Suppose 4*h = o + o - 96, 0 = -2*h. Suppose 9*m - 51 = 6*m. Calculate the remainder when o is divided by m.
14
Let k(o) be the second derivative of -5*o**3/3 - 7*o**2/2 + 12*o. Calculate the remainder when k(-4) is divided by 9.
6
Calculate the remainder when 6274/12 + (-10)/(-60) is divided by 33.
28
Suppose -81 = 7*m - 10*m. Calculate the remainder when (0 - -32) + -26 + m is divided by (-74)/(-6) + 4/(-12).
9
Let w = 413 - 250. Suppose 4*l = h + w, -2*h = -2*l - 3*h + 77. What is the remainder when l is divided by 15?
10
Let m = 22 - 20. What is the remainder when m is divided by 1?
0
Suppose -114 = -15*l + 13*l. Suppose l = -8*u + 233. Calculate the remainder when 41 is divided by u.
19
Let o be (-6)/(-12) - (849/(-6) - -1). Let p = o + -116. What is the remainder when 97 is divided by p?
22
Let v = 153 + -132. Let l(n) = -n**3 + n + 5. Let y be l(0). Suppose y*f + 2*c = 290, -3*f + 174 = -6*c + 3*c. What is the remainder when f is divided by v?
16
What is the remainder when 131 is divided by ((-33)/22)/(3/(-70))?
26
Suppose 0 = 14*h - 9*h - 205. Let p = 30 + -8. What is the remainder when h is divided by p?
19
Let x(l) = 3*l. Suppose q + 2*q = -3*w - 60, 2*w = 0. Let o = q - -36. What is the remainder when o is divided by x(2)?
4
Let i = 353 - 350. What is the remainder when 65 is divided by i?
2
Suppose -4*r = -48 + 20. Suppose k - 111 = -3*l, 0*l + 132 = 4*l - 4*k. Let y = 56 - l. What is the remainder when y is divided by r?
6
Suppose 0*r = 3*r + 12. Let b be 4*44 + 3 + r. Suppose -4*p = -b + 19. Calculate the remainder when p is divided by 21.
18
Let v(r) = -3*r**2 + 11*r + 11. Let a(i) = 7*i**2 - 21*i - 22. Let h(o) = 2*a(o) + 5*v(o). Calculate the remainder when h(10) is divided by 14.
13
Let l = -13 + -4. Let t = 32 + l. Suppose -4*x - 3*k + 241 = 0, -k = -x + 20 + 35. Calculate the remainder when x is divided by t.
13
Suppose -15*p + 1564 = 5*c - 18*p, 0 = -c - 3*p + 320. Calculate the remainder when c is divided by 63.
62
Let s(i) = 71*i**3 - 2*i + 10. Calculate the remainder when s(2) is divided by 24.
22
Let u be ((-15)/6)/(2/(-4)). Suppose 3*c - 48 = u*c. Let d = -16 - c. What is the remainder when 13 is divided by d?
5
Let v(j) = 14*j - 70. Let i be v(11). Suppose -16*c + i = 4. Calculate the remainder when 4/(-6) - (-202)/6 is divided by c.
3
Let g = -53 + 97. Let t = g - 35. What is the remainder when 88 is divided by t?
7
Let s = -35 - -65. Suppose -2778 + 132 = -18*c. Calculate the remainder when c is divided by s.
27
What is the remainder when -13*(3 + -4)*15 is divided by 18?
15
Let f be ((-2)/6)/((-2)/(-12)) + -26. Suppose -34 - 19 = -b. Let o = b + f. Calculate the remainder when o is divided by 14.
11
Let a(i) = 5*i**2 + 28*i + 90. What is the remainder when 521 is divided by a(-4)?
57
Let c be (272/8)/((-1)/(-2)). Suppose -3*h + c + 217 = 0. Suppose 15 = w + 3*f, w + 2*f - 42 = -w. What is the remainder when h is divided by w?
23
What is the remainder when (-3 + -2 - -4)*0 - -391 is divided by 56?
55
Let d(r) = r**2 + 6*r + 5. Let c(q) = -q**2 - 7*q - 4. Let g(i) = 3*c(i) + 4*d(i). Calculate the remainder when 53 is divided by g(-5).
17
Calculate the remainder when (-28 - -27)/((-3)/2409) is divided by 31.
28
Suppose -15 = 5*g + 3*q, 2*q = q + 5. Let w = g + 2. Let p(x) = -12*x + 3. What is the remainder when p(w) is divided by 26?
25
Suppose -5*n + 9 = -3*s + 30, -3*s - 3*n + 45 = 0. What is the remainder when 24 is divided by s?
0
Let s(z) = z**3 - 25*z**2 + 10. Calculate the remainder when 64 is divided by s(25).
4
Suppose 275 = 5*d + 1303*g - 1298*g, 3*d - 3*g - 141 = 0. Suppose -3*l + 18 = 3*m, 1 = l - 1. Calculate the remainder when d is divided by m.
3
Let k = 97 + 36. Calculate the remainder when k is divided by 17.
14
What is the remainder when -9 + 8 + -3*(-1 + -24) is divided by 13?
9
Suppose 0 = 2*o + 4*o - 90. What is the remainder when 18 is divided by ((-6)/o)/((-4)/100)?
8
Let s = -1980 + 2005. What is the remainder when 269 is divided by s?
19
Suppose -5*d + 519 + 856 = 0. Suppose 0 = -10*u + 5*u + d. Let k(g) = g**3 - 6*g**2 - 5*g. Calculate the remainder when u is divided by k(7).
13
Suppose 0 = 37*f - 41*f + 4*r + 152, 0 = -3*f - r + 130. Suppose 2*h = s + 15 + 13, -4*s = 5*h - 44. Calculate the remainder when f is divided by h.
6
Suppose 18*q - 5*q = 0. Suppose q = s - 3*s + 256. What is the remainder when s is divided by 43?
42
Let q be (-4)/(-10) + 23/5. Suppose -54 = -q*j + 2*j. Calculate the remainder when 284*1/16*4 is divided by j.
17
Suppose -14 = -2*p - 4*i, 3*i - 17 + 2 = -2*p. Calculate the remainder when p is divided by 8.
